. Let g(k) be the first derivative of -k**3/3 + 9*k**2/2 - 5*k + 4. What is g(z)?
3
Let u(n) = 5*n + 4. Let l(t) = -11*t - 12. Let g(d) = l(d) + 2*u(d). Let h be 0 + 1*4/(-2). Determine g(h).
-2
Let w(o) = -8*o**3 + 390 - 785 + 4*o + 392. Determine w(1).
-7
Let l = 14 + 14. Let p = l - 28. Let u(w) = w**3 - w + 6. Give u(p).
6
Let i(u) be the first derivative of 3*u**2/2 - 3*u - 5. Let r(p) = 2*p - 3. Let g(n) = 3*i(n) - 4*r(n). Suppose -5*f - o = 13, -f = 2*o - 5*o + 9. What is g(f)?
0
Let z = -5335/6 - -890. Let j(s) be the second derivative of 5*s + 0 + 0*s**2 - z*s**3. What is j(-1)?
5
Let r(t) be the second derivative of t**7/840 + t**6/360 - t**5/120 - t**4/3 + 7*t**3/3 + 38*t. Let x(d) be the second derivative of r(d). Calculate x(0).
-8
Let x be 16/24 - (260/3)/(-5). Let b be -1*(6/x)/(2/36). Let a(r) = r**2 + 7*r - 4. Calculate a(b).
-10
Let v(u) = 61*u**2 - u**3 - 4*u - 8 - 19*u**2 - 36*u**2. Determine v(5).
-3
Let h(p) = -1. Let c(n) = -n - 6. Let v(r) = c(r) - 2*h(r). Let q(u) = -2*u - 44. Let w be q(-22). Suppose f = x - 1 - w, -2 = -2*f + 3*x. Give v(f).
1
Let k(h) = h**3 + 5*h**2 + 2*h - 4. Let g be k(-4). Suppose 0 = -b + 3*s + 12, -20 = b + g*b + s. Let o = -2 + b. Let v(n) = n**2 + 5*n - 2. Determine v(o).
-2
Let r be ((170/(-8))/(-17))/((-1)/(-4)). Let u(v) = -v**2 - 15*v**2 + 10*v**2 + r*v**2 + v. Let a(b) = b**2 - 3*b + 3. Let z be a(2). Determine u(z).
0
Let z(b) = -5*b**2 + 68*b - 116. Let a(p) = -p**2 + 13*p - 23. Let j(t) = 11*a(t) - 2*z(t). Determine j(4).
-9
Let f be (6/(-5))/((-12)/(-300)*-15). Let x(y) = -2*y**3 - y**2 - 2. Give x(f).
-22
Let l(k) = -7*k + 16. Suppose a - 6*a - 20 = -z, -5*z - 2*a = -19. Let s(f) = -3*f + 8. Let x(n) = z*s(n) - 2*l(n). Give x(0).
8
Suppose -8 = i - x, i = -24*x + 20*x - 23. Let u(d) = d**2 + 11*d - 3. What is u(i)?
-3
Suppose o + 5*s - 1 = 0, 4*o + 3*s - 21 = -0*s. Suppose -2*g = 2*q - 30, 5*q - g = 3*g + 30. Let j(f) = 3*f + 2 - 1 - q. Give j(o).
9
Let r be (6/(-15))/((-24)/240). Let w(t) = 3*t. Let i(d) = -4*d + 1. Let k(o) = -4*i(o) - 5*w(o). Calculate k(r).
0
Let w be ((-8)/16)/((-1)/(-12)). Let i(l) = -4*l**3 - 6*l**2 - l + 3. Let f(u) = u**3 + u. Let a(y) = 3*f(y) + i(y). Determine a(w).
-9
Suppose -5*d + 8 = -17. Suppose 8*q = 9*q - d. Let j(a) = 2 - 4*a + 0*a**2 - 4 + 3*a**2 + q. What is j(2)?
7
Suppose -8*s = -16*s + 72. Suppose 8*b = -s*b - 68. Let v(c) = 3 - 3*c**2 + 2*c**2 - 2*c + 1. Calculate v(b).
-4
Let u be 2 + 0 + (31 - 34). Suppose 5*k = -g + 29 - 7, 10 = 3*g + k. Let j(q) = 3*q**2 + 6*q**g - 2*q**2 + 2*q + 1. Determine j(u).
6
Let a(p) = -p + 1. Let h(s) = -1. Let o(n) = -2*a(n) - h(n). Suppose -34*m + 33*m + 1 = 2*l, -2 = -m - l. Determine o(m).
5
Let x(m) = m**2 - 33*m - 64. Let f be x(35). Let y(d) = 2*d - 1. What is y(f)?
11
Let h(g) = g**3 - g + 10. Let m(f) = -2*f**2 - 39*f - 54. Let c be m(-18). Calculate h(c).
10
Let o(c) = c**2 + 4*c - 2. Suppose 4*z = -58 - 74. Let v = z + 28. What is o(v)?
3
Suppose 0 = -12*l - 3*l + 30. Let p(k) = -k**3 - k**2 - k + 2. Calculate p(l).
-12
Let f(s) = s**2 + 3*s - 2. Let d be (1 + -1)/(-3) + 20. Suppose 0 = 11*n - 2 - d. What is f(n)?
8
Let b(v) = -v**3 + 23. Let p be b(0). Let c(i) = -24 - p*i**2 + 10 + i + 15. Calculate c(-1).
-23
Let z(c) be the first derivative of -2*c**4 + c**3 - 7*c**2/2 + 6*c + 1. Let i(v) = -17*v**3 + 7*v**2 - 15*v + 13. Let s(t) = 6*i(t) - 13*z(t). Give s(-2).
-6
Let h(y) = y**3 - 21*y**2 + 22*y - 20. Let a(g) = 2. Let u(p) = 7*a(p) - h(p). Give u(20).
-6
Let o be 14/63 + (-16)/(-9). Let w(m) = -m - 8 - 4*m + 2 - m**o - 3*m. Calculate w(-6).
6
Let g(k) = -k**2 - 21*k - 22. Let v be g(-18). Suppose -v = -9*h + 31. Let c(l) = l**3 - 7*l**2 + l - 5. Give c(h).
2
Let u(r) = r**3 - r**2 + r + 6. Suppose -5*i + 25 = -10. Let s(k) = -k**3 + 7*k**2 - k + 7. Let d be s(i). What is u(d)?
6
Let a(q) = -q**2. Let s(o) = o**3 + 9*o**2 - o - 11. Let n(u) = a(u) - s(u). Let w be n(-10). Let c be 9/3 - -1 - w. Let m(g) = -g**2 + g - 3. Determine m(c).
-9
Let m(c) be the third derivative of c**6/120 - c**5/15 + c**4/12 + c**3/6 - 16*c**2. Let x = 14 - 12. Determine m(x).
-3
Let r be (-4)/14 - 5/7. Let x(t) = -8*t. Let g(o) = -3*o. Let s(m) = -m. Let f(b) = -4*g(b) + 9*s(b). Let k(i) = 12*f(i) + 5*x(i). Calculate k(r).
4
Let j(l) = -3*l**2 + 0*l**2 + l**3 + 19*l - 5*l - 11*l. Let z(s) = s**3 - 3*s**2 + 4*s + 1. Let c(g) = 6*j(g) - 5*z(g). Give c(4).
3
Let n(t) be the second derivative of 2*t**3 + t**2 + 85*t - 1. Give n(-1).
-10
Let b(q) = -5*q. Let z(w) = -6*w**2 - 244*w - 159. Let k be z(-40). What is b(k)?
-5
Let b(q) = -q**3 + 8*q**2 - 8*q - 6. Let i = 7 + -6. Let m be 10/2 - (i - 2). Give b(m).
18
Suppose -2*x + 2 = -0. Let a(q) be the third derivative of -q**6/20 - q**5/30 + q**4/12 - q**3/6 - 278*q**2. Calculate a(x).
-7
Let f(m) = -40*m + 7. Let v(r) = -48*r + 7. Let u(o) = -5*f(o) + 4*v(o). Give u(2).
9
Suppose 0*l + 3*l = -3*r, 3*l = r - 12. Let q(d) be the second derivative of -9*d - 1/6*d**r + 0*d**2 + 0. What is q(-5)?
5
Let v = -724 - -736. Let r(c) = -c + 8. What is r(v)?
-4
Suppose -3*p + 4*a = -13, 5*p + 3*a = -4 + 16. Let b(q) = -p + q + 2 + 7. Let o be (-63)/13 + (-29)/(4524/24). Determine b(o).
1
Suppose -3*v + 5 = 2*v. Suppose 0 = -4*j - 5*n + 28, -n + 4 = -0*n. Let p(t) = -5*t**2 - 5*t + j*t + 2*t. Calculate p(v).
-6
Let o(q) = 5*q - 3. Let d(n) = 6*n + 92. Let w be d(-15). Calculate o(w).
7
Let d(a) be the second derivative of -a**6/720 + 7*a**5/60 + 5*a**4/12 + 3*a. Let t(r) be the third derivative of d(r). What is t(7)?
7
Suppose -3 = -5*y - 2*u - 2, -4*y = 4*u - 8. Let x(r) = 3*r + 7 - 5 - 2. Determine x(y).
-3
Suppose -4*b - 2*m = -14, -4*b = -3*m - 10 + 1. Let g(z) be the first derivative of -z**4/4 + z**3 - z**2/2 + 3*z + 1. Determine g(b).
0
Let l(p) = -5*p**2 - 30*p. Let v(h) = 2*h**2 + 11*h. Let c(m) = 4*l(m) + 11*v(m). Determine c(-2).
6
Let s(m) = -m**3 - 2*m**2 + 1. Let t be (-66)/11*2/(-12). Let j be (-1 + 1)/3*t. Let c be j + -3*(-1)/(-3). What is s(c)?
0
Let d(v) = 8*v**2 - v + 1. Let l be d(1). Suppose p - 10 = 5*i + l, 2*p = i. Let j(h) = h**3 - h**2 + 2. Give j(p).
-10
Let n be ((-3)/9)/(3/(-27)). Let v(b) be the first derivative of -b**4/4 + 4*b**3/3 - 3*b**2/2 + 2*b - 4. Calculate v(n).
2
Let n(c) = -c**3 - 17*c**3 + 19*c**3 + 6 + 4*c**2 - 2*c**3. Give n(5).
-19
Suppose -2*k + 3*k - 20 = 4*b, 5*k + b = -5. Let y(t) = 782 + t + k*t - 780. What is y(4)?
6
Let f = -177 + 173. Let w(b) = 2*b + 3. Calculate w(f).
-5
Suppose 3*f + 4*l - 3 = 0, -l = f + l - 1. Let i be -3*-4*(-3)/(-12). Let x(q) = -q**3 + q - 124*q**2 - q**i + 124*q**2. Give x(f).
-1
Let d = -56 + 59. Suppose 8 = -d*f + 2. Let r(v) be the second derivative of v**4/4 + v**3/3 - v**2/2 + v. Determine r(f).
7
Let u = 7 + 17. Suppose -2*s - 18 = -2*t, -4*s + u = 5*t - 3. Let o(l) = -l**3 + 8*l**2 - 8*l + 1. What is o(t)?
-6
Let m(q) = -7*q**3 - 15*q**2 + 17*q + 4. Let p(b) = 15*b**3 + 30*b**2 - 34*b - 7. Let v(i) = -13*m(i) - 6*p(i). Give v(-16).
6
Let z(w) = -w**2 + 20*w + 2. Let r be z(20). Let m(b) = 5*b - b**3 + 2197 - 2*b**r - 2*b**2 - 2190. Let s(y) = y**2 + 6*y. Let h be s(-5). Calculate m(h).
7
Let a(l) be the second derivative of l**6/720 + l**5/24 + 5*l**4/4 - 14*l. Let b(j) be the third derivative of a(j). What is b(0)?
5
Let w(f) be the first derivative of -f**4/2 + f**3/3 + f**2 + 2*f - 33. Give w(-2).
18
Let d(v) = -v**3 + 5*v**2 + 1. Suppose -3*s = -s - 6, 5*b - s - 22 = 0. Let z be d(b). Let f(a) = 6*a + 1. Give f(z).
7
Let a(k) be the second derivative of k**5/120 + 5*k**4/24 - 4*k**3/3 - 17*k. Let d(z) be the second derivative of a(z). Calculate d(0).
5
Let s(w) = -w. Let b(d) = 5*d**3 - 6*d + 1. Let h(m) = b(m) - 5*s(m). Determine h(1).
5
Suppose -u + 40 = -3*u + 4*t, 2*t = 8. Let m(w) = w + 5. Calculate m(u).
-7
Let d(h) = 2*h**3 + 2*h**2 - 2*h - 1. Let t = 46 - 49. Let p be (1/t)/(-2 + (-26)/(-12)). Determine d(p).
-5
Let o(n) = 3*n**2 - 11*n - 3. Let i = -1494 + 1499. What is o(i)?
17
Suppose 16*p - 72*p = 336. Let k(f) = -5*f**2 - 9 + f**3 - 3*f + 6*f**2 + 5*f**2. Determine k(p).
9
Suppose -3*c + 1 = 3*h + 19, 0 = h + 4*c - 3. Let v(d) = 2*d + 12. Determine v(h).
-6
Let l(x) be the second derivative of x**7/42 + x**6/360 - 4*x**3/3 + 11*x. Let i(d) be the second derivative of l(d). Give